{"id":18,"date":"2012-03-19T08:47:39","date_gmt":"2012-03-19T07:47:39","guid":{"rendered":"http:\/\/kiwanis.planetsurf.ch\/?page_id=18"},"modified":"2012-09-22T15:22:35","modified_gmt":"2012-09-22T13:22:35","slug":"impressum","status":"publish","type":"page","link":"https:\/\/kiwanis-zuerich.ch\/index.php\/impressum\/","title":{"rendered":"Impressum"},"content":{"rendered":"<h2>Copyright<\/h2>\n<p>Alle Rechte vorbehalten, insbesondere das Recht auf Vervielf\u00e4ltigung und Verbreitung sowie \u00dcbersetzung. Kein Teil dieser Homepage darf in irgendeiner Form ohne schriftliche Genehmigung vom Seitenbetreiber reproduziert werden oder unter Verwendung elektronischer Systeme verarbeitet, vervielf\u00e4ltigt oder verbreitet werden.<\/p>\n<h3>Ausnahmeregelung f\u00fcr privaten Gebraucht<\/h3>\n<p>F\u00fcr Privatgebrauch ist es erlaubt\u00a0Fotos\u00a0herunterzuladen, d.h. z.B. als Bildschirmhintergrund, Karten usw. Die Bilder d\u00fcrfen auf einer privaten Webseite eingebunden werden, eine Quellenangabe\/Verlinkung ist aber obligatorisch. Soziale Netzwerke\u00a0 (z.B. Facebook, MySpace StudiVZ usw.) gelten\u00a0nicht\u00a0als private Webseiten.<\/p>\n<p>Wo nicht anders erw\u00e4hnt sind alle Fotografien von Andr\u00e9 Melchior.<\/p>\n<h3>Markenrecht<\/h3>\n<p>Auf dieser Website genannte Produktenamen oder Markenzeichen sind eingetragene Markenzeichen und Eigentum der entsprechenden Rechteinhaber. Sie unterliegen uneingeschr\u00e4nkt den Bestimmungen des jeweils g\u00fcltigen Kennzeichenrechts und den Besitzrechten der eingetragenen Eigent\u00fcmer. Die Nennung von Markenzeichen bedeutet nicht, dass diese nicht durch Rechte Dritter gesch\u00fctzt sind.<\/p>\n<h2>Haftungsausschluss<\/h2>\n<h3>Haftung f\u00fcr Inhalte<\/h3>\n<p>Die Inhalte meiner Seiten wurden mit gr\u00f6sster Sorgfalt erstellt. F\u00fcr die Richtigkeit, Vollst\u00e4ndigkeit und Aktualit\u00e4t der Inhalte kann ich jedoch keine Gew\u00e4hr \u00fcbernehmen. Als Inhaber dieser privaten Website kann ich nicht \u00fcbermittelte oder gespeicherte fremde Informationen \u00fcberwachen oder nach Umst\u00e4nden forschen, die auf eine rechtswidrige T\u00e4tigkeit hinweisen.<\/p>\n<h3>Haftung f\u00fcr Links<\/h3>\n<p>Mein Angebot enth\u00e4lt Links zu externen Webseiten Dritter, auf deren Inhalte ich keinen Einfluss habe. Deshalb kann ich f\u00fcr diese fremden Inhalte auch keine Gew\u00e4hr \u00fcbernehmen. F\u00fcr die Inhalte der verlinkten Seiten ist stets der jeweilige Anbieter oder Betreiber der Seiten verantwortlich. Die verlinkten Seiten wurden zum Zeitpunkt der Verlinkung auf m\u00f6gliche Rechtsverst\u00f6sse \u00fcberpr\u00fcft. Rechtswidrige Inhalte waren zum Zeitpunkt der Verlinkung nicht erkennbar. Eine permanente inhaltliche Kontrolle der verlinkten Seiten ist jedoch ohne konkrete Anhaltspunkte einer Rechtsverletzung nicht zumutbar. Bei Bekannt werden von Rechtsverletzungen wird derartige Links umgehend entfernen.<\/p>\n<h2>Datenschutz<\/h2>\n<h3>Cookies<\/h3>\n<p>Um die Nutzung der Webseite f\u00fcr die Nutzer zu verbessern, verwendet kiwanis-zuerich.ch wie die meisten Internet-Dienste sogenannte Cookies. Cookies sind ein Bestandteil der Browser-Software und speichern Angaben \u00fcber Ihre Nutzung der Webseite auf Ihrem Computer. Das erlaubt kiwanis-zuerich.ch, Ihren Computer wiederzuerkennen, mit dem Sie die Webseite benutzen.<\/p>\n<p>Die meisten Browser akzeptieren Cookies automatisch. Sie k\u00f6nnen die Einstellungen Ihres Browsers jedoch \u00e4ndern, so dass Cookies nicht oder nur mit Ihrer Zustimmung akzeptiert werden. Die Webseite l\u00e4sst sich auch\u00a0ohne\u00a0Cookies nutzen. Sie k\u00f6nnen jederzeit alle Cookies von Ihrer Festplatte l\u00f6schen oder in den Einstellungen Ihres Browsers deaktivieren, um zu verhindern, dass Daten \u00fcber die Benutzung der Webseite \u00fcbertragen werden.<\/p>\n<h3>Session Cookies<\/h3>\n<p>Session Cookies sind wie normale Cookies Textdateien die der Browser speichert. F\u00fcr Interaktive Kommunikation wie Login, G\u00e4stebuch und Games wird eine eindeutige Session-ID erstellt. Diese Session-Cookie wird nach dem verlassen der Webseite automatisch gel\u00f6scht.<\/p>\n<h3>Pers\u00f6nliche Daten<\/h3>\n<p>Alle pers\u00f6nlichen Daten der Besucher werden grunds\u00e4tzlich vertraulich und unter Beachtung der in der Schweiz geltenden gesetzlichen Vorschriften zum Datenschutz behandelt.<\/p>\n<h3>Rechtswirksamkeit<\/h3>\n<p>Es gilt ausschliesslich Schweizer Recht.<br \/>\nGerichtsstand und Erf\u00fcllungsort ist Z\u00fcrich.<\/p>\n","protected":false},"excerpt":{"rendered":"<p>Copyright Alle Rechte vorbehalten, insbesondere das Recht auf Vervielf\u00e4ltigung und Verbreitung sowie \u00dcbersetzung. Kein Teil dieser Homepage darf in irgendeiner Form ohne schriftliche Genehmigung vom Seitenbetreiber reproduziert werden oder unter Verwendung elektronischer Systeme verarbeitet, vervielf\u00e4ltigt oder verbreitet werden. Ausnahmeregelung f\u00fcr &hellip; <a href=\"https:\/\/kiwanis-zuerich.ch\/index.php\/impressum\/\">Weiterlesen <span class=\"meta-nav\">&rarr;<\/span><\/a><\/p>\n","protected":false},"author":1179,"featured_media":0,"parent":0,"menu_order":0,"comment_status":"closed","ping_status":"closed","template":"sidebar-page.php","meta":{"footnotes":""},"class_list":["post-18","page","type-page","status-publish","hentry"],"_links":{"self":[{"href":"https:\/\/kiwanis-zuerich.ch\/index.php\/wp-json\/wp\/v2\/pages\/18","targetHints":{"allow":["GET"]}}],"collection":[{"href":"https:\/\/kiwanis-zuerich.ch\/index.php\/wp-json\/wp\/v2\/pages"}],"about":[{"href":"https:\/\/kiwanis-zuerich.ch\/index.php\/wp-json\/wp\/v2\/types\/page"}],"author":[{"embeddable":true,"href":"https:\/\/kiwanis-zuerich.ch\/index.php\/wp-json\/wp\/v2\/users\/1179"}],"replies":[{"embeddable":true,"href":"https:\/\/kiwanis-zuerich.ch\/index.php\/wp-json\/wp\/v2\/comments?post=18"}],"version-history":[{"count":8,"href":"https:\/\/kiwanis-zuerich.ch\/index.php\/wp-json\/wp\/v2\/pages\/18\/revisions"}],"predecessor-version":[{"id":463,"href":"https:\/\/kiwanis-zuerich.ch\/index.php\/wp-json\/wp\/v2\/pages\/18\/revisions\/463"}],"wp:attachment":[{"href":"https:\/\/kiwanis-zuerich.ch\/index.php\/wp-json\/wp\/v2\/media?parent=18"}],"curies":[{"name":"wp","href":"https:\/\/api.w.org\/{rel}","templated":true}]}}